2 + 10*h - 2. What is the remainder when i(-11) is divided by 6?
3
Let b be ((-1)/(-1) - 7)/1. Let o(l) = 2*l**2 + 6*l - 2. Calculate the remainder when o(b) is divided by 12.
10
Let u(x) = -x**3 - 4*x**2 + 5. Let v be u(-4). Suppose v*r - 1 = -6. Calculate the remainder when 6/(-6) - (r + -42) is divided by 22.
20
Let j = 0 - -2. Suppose -j*b + 0*b = -8. Let i(x) = 4*x - 4. Calculate the remainder when 35 is divided by i(b).
11
Suppose 0 = -3*o - u + 215, -3*u - 65 = -o - 0*o. Calculate the remainder when o is divided by 15.
11
Let n = -239 + 391. Calculate the remainder when n is divided by 31.
28
Let d(g) = g - 4. Let c be d(8). Let a = -4 + c. Suppose a = -5*i + 44 + 16. Calculate the remainder when 22 is divided by i.
10
Calculate the remainder when 1 - -1 - 4/(-8)*94 is divided by 25.
24
Let s = 16 - 12. Suppose i - 5*j + 10*j - 66 = 0, 3*i - 122 = s*j. What is the remainder when i is divided by 12?
10
What is the remainder when 78 is divided by ((-8)/10)/((-3)/75)?
18
Let t be (3 + -1)*(-130)/4. Let i = 164 + t. Suppose 4*n - 3*s = i, n - s - 4*s - 29 = 0. Calculate the remainder when n is divided by 13.
11
Let d = -92 + 157. What is the remainder when d is divided by 17?
14
Let d = -8 + 14. Let y be (-13 + 15)/(2/3). What is the remainder when (-4 - (y - d))*-10 is divided by 4?
2
Let v(h) = -2*h. Let a be v(-2). Let m(u) = -u**2 + 5*u - 2. Let x be m(a). Suppose -x*d + 14 = -20. Calculate the remainder when d is divided by 6.
5
Suppose 9*b - 105 = 93. Calculate the remainder when 84 is divided by b.
18
Let w(h) = -2*h**2 - 16*h + 12. Calculate the remainder when 68 is divided by w(-8).
8
Let v(f) be the third derivative of f**6/120 - 2*f**5/15 + f**4/3 - f**3 + 2*f**2. Let d be v(6). What is the remainder when 40 is divided by (d/(-8) - 2)*8?
12
Let f be -2 + 2 + 2 + 2. Let p = f + -2. Calculate the remainder when p is divided by 2.
0
What is the remainder when 7 is divided by (58/12)/1 - (-11)/66?
2
Let t be 0*(-2)/(-6) - -3. Suppose 4*p - t*f = 27, 5*f - 9 = -2*p + 8*f. Calculate the remainder when 26 is divided by p.
8
Let a be (-1 + 0)/(4/24). Let v be 68/6*a/(-4). Calculate the remainder when 37 is divided by -1*1 + v + -3.
11
Let g be (3/6)/(2/60). Suppose -j - 8 = 3*f - 44, -g = -5*j. Calculate the remainder when 21 is divided by f.
10
Let y be 1*-1*(1 - 1). Let b(u) = u - 4*u**2 - 1 - 2*u - u**3 + y*u**3 + 0*u**3. What is the remainder when 8 is divided by b(-4)?
2
Suppose 0 = 2*k + 8, -2*q + 40 = q - 4*k. Calculate the remainder when 19 is divided by q.
3
Let y(s) = 12*s**2 - 2*s + 1. Let x be ((-4)/(-8))/(1/8). What is the remainder when x/10 + (-790)/(-25) is divided by y(1)?
10
Suppose -12*d + 3*d + 1251 = 0. What is the remainder when d is divided by 47?
45
Let f be (-4)/6*108/(-8). Suppose -6*h + 3*h = -f. Suppose -h = -s + 8. What is the remainder when 21 is divided by s?
10
Let y(i) = -2*i**2 - 16*i - 10. Calculate the remainder when 52 is divided by y(-6).
10
Let m = -33 + 56. What is the remainder when m is divided by 13?
10
Suppose 6 = 2*h, 3*f - 3*h - 13 = 2. Let c = -40 + 27. Let q(b) = b**3 + 12*b**2 - 14*b + 2. What is the remainder when q(c) is divided by f?
7
Let a = -8 + 22. Calculate the remainder when 39 is divided by a.
11
Suppose -2*b + 8 + 8 = 0. Suppose -27 = -2*d + 3*n, 3*d + 62 = 5*d + 4*n. What is the remainder when d is divided by b?
5
Suppose 0 = 4*f - 2*h - 468, 0*h - 6 = 3*h. Calculate the remainder when f is divided by 39.
38
Suppose -42 = 4*r - 118. Suppose 0 = 5*h + 5*l - 30, 4*h - 9*h + 28 = 3*l. Calculate the remainder when r is divided by h.
4
Suppose 5*c + 3*x - 40 = 0, -x + 7 + 1 = c. Suppose 6*v - 3 = 3*v. What is the remainder when (-92)/(-4)*v/1 is divided by c?
7
Let x(y) = 3*y**2 - 4*y - 7. What is the remainder when (3/(-2))/((-3)/28) is divided by x(3)?
6
Suppose -2*j + 70 = 3*j. Calculate the remainder when (36/j)/(1/7) is divided by ((-40)/12)/((-1)/3).
8
Let q = 4 + 12. Calculate the remainder when 31 is divided by q.
15
Suppose 2*t + 3*i - 41 = 0, -2*t - 4*i = -0 - 40. Let k(c) = -c**3 - 4*c**2 - 3*c - 4. Calculate the remainder when t is divided by k(-4).
6
Let a(i) = 3*i + 4. Calculate the remainder when a(1) is divided by 4.
3
Let t(o) = -o + 2. Let g be t(4). What is the remainder when (-1)/((-4)/(-632)*g) is divided by 27?
25
Let b(j) = -j**3 - 9*j**2 + 9*j - 6. Let q be b(-10). Suppose -q*u + 25 + 11 = 0. Calculate the remainder when 26 is divided by u.
8
Let v(q) = 18*q**3 + q**2 + q - 1. Calculate the remainder when v(1) is divided by (-2)/((26/(-8) + 3)/1).
3
Suppose 2*p = 3*p. Suppose 5*j + r - 23 = p, j = -3*r + 1 - 2. Calculate the remainder when 17 is divided by j.
2
Let t = -89 - -157. What is the remainder when t is divided by 18?
14
Let j(i) = 2*i**2 + 3*i - 6. Suppose 5*p + h = 38, -5*p - 2*h + 5*h + 46 = 0. What is the remainder when j(3) is divided by p?
5
Let q be (11 - 8)*(-1 - 14). Let h be 1/(2 - q/(-24)). Suppose -3*f - h + 116 = 0. Calculate the remainder when f is divided by 19.
17
Let i(s) = -7*s + 6. Let v be i(4). Calculate the remainder when 55 is divided by 2 - (2 - -3) - v.
17
Let l = 11 + -18. Let h(b) = -2*b - 10. Let u be h(l). Suppose 3*r + 5*d = 11, 0*d + u*d + 20 = 0. What is the remainder when 22 is divided by r?
10
Let z = 4 + 2. Let w(x) be the second derivative of -x**3/6 + 9*x**2/2 + 12*x. What is the remainder when 4 is divided by w(z)?
1
Suppose 5*n - 264 - 301 = 0. What is the remainder when n is divided by 29?
26
Suppose 0*u + 147 = -3*u. Let g = 85 + u. Suppose 5*b = 2*o - 6, -3*o + g = 4*b - 19. What is the remainder when o is divided by 5?
3
Let r(j) = -3*j + 2. Suppose 42 = 5*s - 2*s. Calculate the remainder when r(-8) is divided by s.
12
Let p(u) = -u**2 - 2*u + 2. Let q be p(-4). Let o = q - -18. Let k = -237 + 272. What is the remainder when k is divided by o?
11
Let i be ((-3)/(-6))/(2/(-8)). Calculate the remainder when 19/((-2 - 0)/i) is divided by 10.
9
Suppose 2 = 2*w - 6. Let q = -4 + w. What is the remainder when (-31)/2*(-2 - q) is divided by 16?
15
Let q(n) = 4*n + 1. Let r(h) = h**3 - 2*h**2 + h. Let l be r(2). Calculate the remainder when 16 is divided by q(l).
7
Suppose 0*h = -h + 12. Let q(w) = -43*w - 2. Let n(d) = 22*d + 1. Let x(o) = -5*n(o) - 2*q(o). What is the remainder when x(-1) is divided by h?
11
Let w(a) = 4*a - 7. What is the remainder when w(6) is divided by 9?
8
Let i = 52 - 25. Calculate the remainder when 79 is divided by i.
25
Calculate the remainder when -1 - -5 - (-115 + -4) is divided by 63.
60
Let i(y) = -2*y**3 + y**2 + 2*y - 3. What is the remainder when i(-4) is divided by 17?
14
Suppose -a + 6 = 4. Suppose 0 = a*l - 7*l + 135. Let t = 29 - 14. What is the remainder when l is divided by t?
12
Let t(l) = l + 5. Let j be t(6). Let k = -2 + j. Calculate the remainder when 33 is divided by k.
6
Let t = 13 + -10. Let y(p) = 4*p - 4. Calculate the remainder when 20 is divided by y(t).
4
Let o be 2/(-6)*27/(-3). Suppose -o*p + 39 = -0*p. What is the remainder when p is divided by 5?
3
Suppose -3*l + 3 + 12 = 0. Suppose r = h - 7 + 4, -h + 5*r = l. Suppose -2*g + 52 = 2*g. What is the remainder when g is divided by h?
3
Suppose 0*h - 2*h = 0. What is the remainder when 9 + 2 + -3 + h is divided by 5?
3
Let y(g) = -g**2 + 9*g + 4. Let w = -18 + 25. What is the remainder when y(w) is divided by ((-3 - -2) + -6)/(-1)?
4
Let u = 189 + -90. What is the remainder when u is divided by 25?
24
Suppose 0 = 5*p - 66 + 16. Let f be 4/p*(-20)/(-4). Calculate the remainder when (-32)/((-6)/3) + f is divided by 10.
8
Let l(k) = k**3 - 7*k**2 + k + 1. Let v be l(7). Suppose -5 = z - v. Calculate the remainder when 11 is divided by z.
2
Let o(a) = a**3 - 16*a**2 + 20*a - 2. Let v be o(15). Let p = v + -45. Calculate the remainder when 83 is divided by p.
27
Let i(k) be the second derivative of -3*k**3/2 + k**2/2 - 2*k. Let w be (-3)/(-4*3/(-8)). Calculate the remainder when i(w) is divided by 5.
4
Let p(x) = -x. Let u = 38 - 36. Calculate the remainder when u is divided by p(-2).
0
Let l(k) = 10*k + 7. Let m be l(4). Let d = m + -32. Let b = 157 + -99. What is the remainder when b is divided by d?
13
Suppose -2 = 2*o - 32. What is the remainder when 10 is divided by (-1 - o/(-6))*2?
1
Let m(x) = 11*x**3 - x*